 prime factors of b?
3, 61
Let u(g) = -7*g**3 + 5*g**2 + 112*g - 198. What are the prime factors of u(-20)?
2, 13, 2137
Let u(l) = -l**2 - 23*l + 6. Let r be u(-23). Let y be (-1)/(r/51*(-4)/(-24)). Let m = y - -161. What are the prime factors of m?
2, 5, 11
Suppose 34*s + 552 = 36*s. Let n be (6/(-9))/((-4)/s*-2). What are the prime factors of (n - 0)/((-3)/21)?
7, 23
Suppose -3*w - 7 = 4*b - 5*b, 0 = 4*w - 4. Suppose 83 - 3 = b*z. What are the prime factors of 27 - (1 - z/2)?
2, 3, 5
Let t(c) = 89*c**2 - 65*c - 216. What are the prime factors of t(-10)?
2, 13, 359
Suppose 0 = 15*n - 324 + 1389. Let j = n - -71. Suppose j = -2*f - o - 2*o + 286, -12 = 3*o. List the prime factors of f.
149
Suppose 907809 - 244968 = 141*j. List the prime factors of j.
3, 1567
Let c be (26/5)/((-1)/(-5)). Let v(s) = s**3 - 25*s**2 - 16*s - 11. List the prime factors of v(c).
3, 83
Suppose 5*k - 17863 = p, 101*k + 14298 = 105*k + 3*p. What are the prime factors of k?
3, 397
Let x(s) = 2538*s + 650. List the prime factors of x(9).
2, 7, 839
Let z(b) = 18*b**2 - 149*b - 2. List the prime factors of z(19).
5, 733
Let q be 95*4/10 + (-3)/1. Suppose -30*s - 1365 = -q*s. List the prime factors of s.
3, 7, 13
Let f = -20965 + 29718. List the prime factors of f.
8753
Suppose 0 = u + 2*b - 7*b + 84, 0 = 5*u - 2*b + 535. Let l = 203 + u. What are the prime factors of l?
2, 47
Suppose -8 = 4*y, -3*y = q + 4*q - 354. Suppose 9*i - q = i. Suppose 0 = -i*k + 10 + 35. List the prime factors of k.
5
Let o(x) = x**2 - x. Let v(j) = -7*j**2 - 18*j - 14. Let f(r) = -6*o(r) - v(r). List the prime factors of f(14).
2, 3, 7, 13
Let r(n) = -66*n**3 - 13*n**2 - 60*n - 358. List the prime factors of r(-8).
2, 7, 17, 139
Let m(f) = 951*f + 9969. List the prime factors of m(38).
3, 47, 109
Suppose -3*m + 107246 = -2*c - 3*c, 0 = -4*m + 5*c + 142988. List the prime factors of m.
2, 3, 7, 23, 37
Suppose -4*o + 7*o + 6 = 0, c - 4*o = 84. Suppose 4*a = -5*p + 143, -3*a = 5*p - c - 65. List the prime factors of p.
3
Let q be 154/8 - (-35)/20. Suppose -10*a = -13*a + q. List the prime factors of a.
7
Let x be (-2)/(-3) + (-3344)/(-24) + 4. Suppose -z - 3*c + x + 3 = 0, -5*z - 4*c = -768. List the prime factors of z.
2, 3, 13
Suppose -21*p = 66321 - 172287. List the prime factors of p.
2, 3, 29
Let b(d) = d**3 + 2*d**2 - 5*d + 1. Let t be b(4). List the prime factors of 2 + 33165/t + (-6)/(-21).
433
Suppose -26*t = -44*t + 47070. What are the prime factors of t?
5, 523
Let q = -1015 + 1629. Suppose x = -3*t + 1075, -477 = -3*t - 5*x + q. List the prime factors of t.
3, 7, 17
Suppose 3*h = 5*d - 1463, -57*h + 58*h = 5*d - 1461. Let b = 3 - 0. Suppose b*u = -u + d. List the prime factors of u.
73
Suppose 47520 = 39*s - 119010. What are the prime factors of s?
2, 5, 7, 61
Suppose -3*d + 5*i + 1248 = 0, i = -5*d + 2040 + 12. Let r = d + -135. List the prime factors of r.
2, 3, 23
Suppose -4*n + 5*u + 3235 = 0, 4*n - 7*n = 4*u - 2434. Suppose -j + n = m + 21, 0 = -m + j + 787. List the prime factors of m.
2, 197
Let u(y) = -280*y**2 - 2*y. Let z be u(1). Let x = z + 753. What are the prime factors of x?
3, 157
Suppose -856 = 4*f - 2716. Suppose 5*n - 468 = 10*z - 8*z, -5*z - f = -5*n. What are the prime factors of n?
2, 47
Let i = 81 + -73. Suppose 7*c = i*c - 962. List the prime factors of c.
2, 13, 37
Let c be (3660/8)/(-3)*(-4)/5. Let a = 99 + c. Suppose 0 = -2*w + a + 109. What are the prime factors of w?
3, 5, 11
Suppose 5*s - 497 = -w, -2*w = 37*s - 32*s - 984. What are the prime factors of w?
487
Suppose 0 = -5*h + 4*c + 1028, -7*c = -5*c - 6. Let g = h + 370. List the prime factors of g.
2, 17
Let o(t) = -t**3 - 5*t**2 - 7*t - 3. Let w be o(-3). Suppose l - 14 = -3*n, w = -n - n + 6. Suppose -134 - 101 = -l*b. What are the prime factors of b?
47
What are the prime factors of 2375 + 13 + -3 + -2?
2383
Suppose 60*k - 223*k = -1400007. List the prime factors of k.
3, 7, 409
Let m = -39 - -43. Suppose 0 = -m*v - v + 20. List the prime factors of 370/6*3 + v.
3, 7
Suppose 3*j = -456*b + 455*b + 226356, 5*b + 45 = 0. What are the prime factors of j?
5, 15091
Suppose k = -3*k + 16. Suppose -k*l - 20 = -96. Suppose l = 3*i - 23. What are the prime factors of i?
2, 7
Let n be (-142)/6 - ((-4)/(-3) + -1). Let f be 0 + (16/n)/(1/9). Let i(l) = -l**3 - 4*l**2 + 13*l + 11. List the prime factors of i(f).
5
Suppose 4*s = -5*i + 4*i + 46, 3*s = -3*i + 93. What are the prime factors of (i - -1) + 115/(-23)?
2, 11
Suppose h - 40817 = 4*p, 32*h - 37*h - 5*p = -203935. List the prime factors of h.
19, 113
Let t(f) = 1935*f**2 - 22*f - 53. What are the prime factors of t(-3)?
2, 4357
Let r(b) = b**3 + 26*b**2 + 30*b + 101. Let m be r(-25). Let k(n) = -2*n**3 - 45*n**2 + 39*n + 48. What are the prime factors of k(m)?
2, 3, 5, 7
Let w(t) = t**2 + 5*t + 3. Let l be w(-5). Suppose -l*p + 17 - 5 = 0. Suppose 2*v - p*v = -6. List the prime factors of v.
3
Let b(i) = -65 - 11*i + 161 + 2*i**2 - 84 + 6*i**3. What are the prime factors of b(4)?
2, 3
Suppose h + 3*c - 20916 = 0, -477*c = -4*h - 476*c + 83664. List the prime factors of h.
2, 3, 7, 83
Let v = -148 + 152. Suppose 0 = 5*m - 3*m - v. Suppose -m*y = -4*q - 528, -2*y = -4*q - q - 527. What are the prime factors of y?
2, 7, 19
Suppose -5*k = h - 203082, -10294 = -2*k + 2*h + 70958. What are the prime factors of k?
2, 23, 883
Suppose 0 = -15*f + f + 2*f. Suppose 25 = 5*a - z, -3*a + 0*a + 5*z + 37 = f. Suppose -a*i - 170 = -5*i. What are the prime factors of i?
2, 5, 17
Let x = -168 - -175. Suppose -x*h - 817 = -3043. List the prime factors of h.
2, 3, 53
What are the prime factors of 91689/(-3)*72/(-312)?
3, 2351
Let z = -6165 + 7097. What are the prime factors of z?
2, 233
Let a(y) = -11*y + 457. List the prime factors of a(-5).
2
Let a(h) = 6468*h - 3241*h + 1067 - 3232*h. What are the prime factors of a(0)?
11, 97
Let h be 44/(-99) + 712/(-18). Let a be 3/(-5) - (-56)/h. What are the prime factors of (a/(-6))/((-3)/(-459))?
3, 17
Let m be ((-6)/4)/(-1) - 6/4. Suppose -8*s + 7*s + 4*r + 694 = m, -5*s + 3*r + 3555 = 0. What are the prime factors of s?
2, 3, 7, 17
Suppose 5*i = -2*r + 4, 4*r = -r - 5*i - 5. Let b be ((-2)/r)/(1 - 13/15). Suppose 0 = -5*g + 5, 5*f + b*g = 166 + 1209. List the prime factors of f.
2, 137
Let v be 7 + -5 - (-3 + 0). Let j be -116*-3*v/(-15). Let s = 203 + j. What are the prime factors of s?
3, 29
Let a be 345/45*(0 - -3). Suppose 2*h = 5*h + 4*c - a, 3*h = 4*c + 7. Suppose -h*k - 4*q = -553, -q - 10 = -6*q. What are the prime factors of k?
109
Suppose -2*y + 20 = 4*s, -5*y - 4*s + 15 = -17. Suppose t = 2*d + 8, 0*t - 28 = -y*t + 4*d. Let q(m) = 4*m**2 - 5*m - 22. List the prime factors of q(t).
2, 23
Let x(r) = 16*r**2 - 4*r + 16. Let f be x(-11). Let p = 3078 - f. What are the prime factors of 56/(-196) - p/(-14)?
7, 11
Let f(i) = 6*i + 8. Let t be f(2). Let q be ((-2)/(-5))/(t/200). Let x = q + 33. What are the prime factors of x?
37
Suppose 15*t - 16*t + 27057 = 2*i, i + 54109 = 2*t. List the prime factors of t.
5, 7, 773
Let l(g) = -g**3 + 4*g**2 + 4*g - 11. Let i be l(4). List the prime factors of 284 - (47 - i)/7.
2, 139
Let s be 6/(-9)*(38/(-4) + 2). Let b = 92 - s. Suppose -4*x - 356 = -4*k, k - 3*x - b = -x. List the prime factors of k.
7, 13
Suppose -p + 4*k = -49, 0 = 2*k + 4 - 14. Let u = p - 24. Let f = u - -15. What are the prime factors of f?
2, 3, 5
Let y(m) = -13023*m**3 + 8*m**2 - 4*m - 12. List the prime factors of y(-1).
3, 1447
Let u(b) = -b**2 + 30*b - 69. Let c(z) = -21*z - 123. Let t be c(-7). List the prime factors of u(t).
3, 5
Let u = 165 - 162. Suppose -3*i + 4*i = -2*z + 271, 0 = 2*i + u*z - 540. List the prime factors of i.
3, 89
Let c(x) = x**2 + 26*x - 10. Let f be c(0). What are the prime factors of f*(645/(-6) + 3)?
5, 11, 19
Suppose -10*m + 30 = -5*m. Let x be (-30)/12*m/(-5). Suppose -3*w - x*k = k - 545, 4*w + 3*k - 722 = 0. List the prime factors of w.
179
List the prime factors of 4111233/84 - (-1)/(-4).
17, 2879
Let w(j) = 17*j**3 - j**2 - 3*j + 1. Let c be w(3). Let i = c - 169. Suppose -i = -v - 106. List the prime factors of v.
167
Suppose -9*o + 76 + 14 = 0. Let i(k) be the second derivative of k**4/4 - 17*k**3/6 + 49*k**2/2 - 21*k. List the prime factors of i(o).
179
Let k(i) = 4*i**2 